divisor of 66 and o?
22
Suppose 519*y - 709*y + 91200 = 0. What is the highest common divisor of 870 and y?
30
Let a = 15546 + -15434. Calculate the greatest common divisor of 9968 and a.
112
Let j be -4*1/2 + -1 + -1. Let w = j + 4. Suppose w*o - 4*b + 58 = 3*o, -2*o + 5*b + 54 = 0. Calculate the highest common factor of o and 154.
22
Suppose 20 = 5*d - 25. Suppose 0 = 7*f + 4 + 80. Let q be 5355/54 - (-2)/f. Calculate the greatest common divisor of d and q.
9
Let o be (-628)/(-6) + 6/(-9). Let n(v) = -36*v - 127. Let k be n(-8). Suppose 0 = -18*p + 73 + k. What is the greatest common factor of o and p?
13
Let u = 11904 + -11680. Suppose 0*c - 5*c = -140. Calculate the greatest common factor of u and c.
28
Suppose 3*q + 3*r - 22269 = 0, 3*r - 25925 = -6*q + 18607. What is the highest common factor of 362 and q?
181
Let f = 3461 + -3011. Calculate the highest common factor of 144 and f.
18
Let m be 2 + (-2*24)/(-2) + 4. Suppose t - 991 = -3*q, -2*t = 3*q + 3*t - 995. Calculate the highest common divisor of q and m.
30
Let z be 5240/30 - (-10)/(-15). Suppose -166*l - 120 = -z*l. What is the greatest common factor of l and 60?
15
Let y = -34048 + 34120. Calculate the greatest common factor of 5688 and y.
72
Let r(u) = 49*u + 1592. Let f be r(31). Calculate the greatest common divisor of f and 9.
3
Suppose 2*z + 4*n - 19 = -z, z - 9 = -4*n. Suppose 427 = z*r - 843. Suppose -44 + r = 10*o. What is the highest common factor of o and 7?
7
Suppose 2*b = 5*x - 30, -2*x + b - 1 = -12. Suppose 0 = 300*o - 296*o + 2528. Let v be 1/(-5) - -1 - o/10. Calculate the highest common divisor of x and v.
8
Suppose 32*a - 16723 = -38*a + 11977. What is the highest common divisor of 280 and a?
10
Let z = -600 - -660. Let o(k) = -k**3 + 7*k**2 - 4*k + 8. Suppose 4*i = i + 18. Let f be o(i). What is the greatest common factor of z and f?
20
Let x(r) = -22*r + 16. Let a(b) = b - 4. Let i(p) = 10*a(p) - x(p). Let y be i(4). What is the highest common factor of y and 18?
18
Suppose -89 - 23 = -16*j. Suppose 46*n - j*n - 17784 = 0. What is the greatest common divisor of 24 and n?
24
Suppose 10*l + 302 = -5988. Let x = -574 - l. Calculate the greatest common factor of x and 176.
11
Let f = 270 + -115. Let g(h) be the first derivative of -29*h**2/2 + 33*h - 40. Let p be g(-1). Calculate the greatest common factor of f and p.
31
Let g be (-3)/2*(-666660)/738. Calculate the highest common factor of g and 5.
5
Suppose -4*h + 4860 = -5*w, 0 = -15*h + 12*h - 3*w + 3672. Calculate the highest common factor of 100 and h.
20
Let l(t) = 122*t - 37. Suppose -5 + 4 = 3*r + h, -4*h - 19 = -3*r. Let j be l(r). Calculate the highest common divisor of 15 and j.
5
Let g(s) = 5*s**2 + 2*s - 3. Let h be (-3)/1 - (9 + -13). Let c be g(h). Let a be 0 + (-2)/c + (-3480)/(-16). Calculate the greatest common factor of 31 and a.
31
Let i be (-5 - -5) + 6 - -3 - -1017. What is the highest common factor of i and 135?
27
Suppose z - 2 = 0, 5*a = -0*z - 5*z + 260. Suppose 22*c - 20*c - 1705 = f, -4*c = f - 3395. What is the highest common divisor of a and c?
50
Let z(q) = 2*q**2 - q - 2. Let s be z(-2). Suppose 528064 = -391*l + 1283*l. Calculate the highest common divisor of s and l.
8
Suppose 0*u - 6*u + 234 = 0. Suppose -34*b = -u*b + 50. Suppose 2*x + 5*d = 197 + 23, -550 = -5*x + 4*d. Calculate the highest common factor of x and b.
10
Let x = -8286 - -8301. What is the highest common factor of 25 and x?
5
Suppose -3*j = -3*y + 21, y - 22*j - 15 = -19*j. Let o be ((-12)/10)/(3/(-80)). Suppose -2*f + 28 = -o. What is the highest common factor of y and f?
3
Let p(i) = i**2 - 5*i - 13. Let r be p(4). Let b = r + 27. Suppose 138 = b*s + 38. What is the highest common divisor of 4 and s?
2
Let o be (-756)/(-140) - 6/(-10) - -197. Calculate the highest common factor of o and 174.
29
Suppose 2*h - 4*f = -2, -56*h + 52*h = 3*f - 29. Calculate the greatest common divisor of h and 56.
1
Let v be (2 + (-1)/3)/(5/15). Suppose 5*w - v*a = 95, 3*a - a + 8 = 0. Calculate the greatest common factor of 40 and w.
5
Suppose -o + 231 = 3*m, -8*m + 6*m = 4*o - 964. What is the greatest common factor of 324 and o?
81
Let y be 5 - (-74 + 10/2). Suppose 0 = -l + 182 - y. What is the highest common factor of 9 and l?
9
Let i be (-98)/((-1 - 4)/10). Suppose -8*y = -4*f - 4*y + 180, y - 102 = -2*f. What is the greatest common factor of f and i?
49
Suppose 0 = -3*y - 997 + 2653. Calculate the greatest common factor of 2392 and y.
184
Suppose 0 = -24*r + 393 - 177. Let z be 15/(-6)*2 - -20. What is the highest common divisor of r and z?
3
Let x be 1 + (-5 - (1 - -1)). Let i be (-65 - -5)*(-1)/x*-3. Calculate the highest common factor of i and 930.
30
Let u be (-712)/(-5) + 12/(-30). Suppose -5*r + 68 + u = 0. Suppose y = l + r, 4*y - 168 = -0*y - l. Calculate the highest common divisor of 6 and y.
6
Let w = -732 - -739. Let m(s) = -1. Let a(r) = -4*r + 13. Let t(o) = -a(o) - 5*m(o). Let h be t(w). Calculate the greatest common factor of 25 and h.
5
Let i be 2/(-10) + 4/(260/9503). Calculate the highest common divisor of 9344 and i.
146
Suppose 48812 = 5*x - 2*r, 5*r = -x + 1678 + 8052. Calculate the highest common divisor of x and 61.
61
Let c(k) = k**2 + 25*k - 140. Let y be c(-32). Let l be 3280/14 - (2 - 144/y). Calculate the highest common factor of l and 312.
78
Let r(j) = 9*j**3 + 4*j**2 + 6*j + 2. Let u be r(-2). Let n = 14 + u. Let i = 80 + n. Calculate the greatest common divisor of 280 and i.
28
Let b(w) = 608*w - 14. Let t be b(1). What is the highest common divisor of 8 and t?
2
Suppose 18 - 6 = 2*a, 0 = -2*g - a + 6056. Calculate the highest common divisor of g and 121.
121
Let t be ((-8)/(-330))/(34/255) + (-6926)/(-22). What is the greatest common divisor of t and 2610?
45
Let w be 3112/52 - ((-6)/13)/3. Calculate the greatest common factor of 1280 and w.
20
Suppose 4*g = 4, k - 134 = 5*g + 221. What is the highest common divisor of k and 64?
8
Suppose 5 = y + 2. Let f = -852 + 854. Suppose 3*d + y*j - 3 - 3 = 0, f*d - 3*j = 29. What is the greatest common factor of d and 63?
7
Suppose 9*q - 91 = -10. Let z(m) = -q - 4 + m**2 + 0 + 0*m**2. Let y be z(4). What is the highest common factor of y and 1?
1
Let n = 792 - 1010. Let t = 78 - n. What is the greatest common divisor of 8 and t?
8
Suppose 3*s = -0*s - 15, 5*y = -s + 515. Let q = 2749 + -2747. Suppose 24 - y = -q*f. Calculate the highest common divisor of 8 and f.
8
Suppose 10 + 1 = 5*m + 2*s, -9 = -3*s. Suppose -m = -5*d + 19. Let i(g) = -2*g**2 + 43*g - 180. Let z be i(8). What is the highest common factor of d and z?
4
Suppose 2*u + 76 = -4*j + 536, 3*u - 5*j - 690 = 0. Suppose -5*t = 3*v - 224, -5*t + 4*t = -v - 48. What is the highest common divisor of u and t?
46
Let d(q) = -8*q**2 + 152*q + 65. Let g be d(19). What is the greatest common factor of g and 52?
13
Let h = -946 - -1846. Suppose 0*x + h = 9*x. What is the greatest common factor of 80 and x?
20
Let n(o) = 15*o - 10. Let s be n(1). Let k(m) = 4*m - 18. Let c be k(s). What is the greatest common divisor of 22 and c?
2
Let l(q) = -q + 9. Let i be l(10). Let c be (-273)/15 + i/(-5). Let m = 59 - c. What is the highest common factor of m and 11?
11
Let d = 242 + -131. Let l be (10/25)/(16/5920). What is the highest common divisor of l and d?
37
Let u = -162 - -480. Let g = 1419 - 1413. Calculate the highest common divisor of u and g.
6
Let c be ((-2518)/10)/(-1) - (-3)/15. Suppose 0*n + 9*n = c. What is the highest common divisor of n and 154?
14
Suppose 33*b - 4*k = 35*b - 2104, 4*k = 4. Calculate the highest common factor of 5 and b.
5
Suppose -275*q = -278*q + 5*y + 16233, -3*y = 3*q - 16161. Calculate the greatest common divisor of q and 3692.
284
Let w be 3/(280/56 + 388/(-78)). Calculate the greatest common factor of 624 and w.
39
Let c be (-4)/(-12)*(-45)/(-4 - -1). Suppose -1320 = -c*j + 1540. Calculate the highest common divisor of 52 and j.
52
Let m(c) = 6882*c - 6884*c - c**3 + 3*c**2 - 7*c**2. Let y be m(-5). Calculate the greatest common divisor of y and 140.
35
Let h = 246 - 242. Suppose -6*w + w = -z - 451, -4*w = h*z - 380. What is the greatest common divisor of w and 52?
13
Let p = -6178 - -6195. Let c = 14 + -10. Let w(j) = -j**3 + 5*j**2 + j - 3. Let d be w(c). Calculat